)?
3
Let v(b) = b**3 + 5. Suppose -5*j + 14 = 3*y - 1, -5*j - 2*y = -10. Determine v(j).
5
Let l(f) be the second derivative of f**3/6 - 3*f**2/2 - 30*f. Let v = 1 - -2. Suppose -5*q + 4*g + 4 = 0, -8 = q + 5*g - v. Calculate l(q).
-3
Suppose -3*i - 8 = -i. Let f(h) = h**2 + 3*h + 0*h + 3 - 4*h - 4. Let c(y) = -y**3 + 3*y**2 - 4*y - 4. Let r(w) = i*f(w) + c(w). Determine r(0).
0
Let s(x) = -4*x + 21. Let i be s(4). Let d(a) = -a**3 + 6*a**2 - 8*a + 7. Calculate d(i).
-8
Let c(g) be the first derivative of g**4/4 - 7*g**3/3 - g**2/2 + g + 4. Give c(7).
-6
Let u(v) = 8*v. Suppose 2*k - 3*k = 0. Let g be (2 + -2)/1 - k. Suppose g = -3*d - d + b + 8, -6 = -2*d + b. Give u(d).
8
Let l(c) = -c**2 + 4*c - 5. Let f(m) = -m**2 + 6*m - 4. Suppose 2 = -y + 6. Let n be f(y). What is l(n)?
-5
Let i = -8 + 2. Let l(q) = -q**2 - 5*q - 3. Give l(i).
-9
Suppose z - 12 = -5*w + w, 3*w - 2*z = 9. Let y(j) = j**3 - 2*j**2 - 3*j. Determine y(w).
0
Let u(t) = -t**2 + 6*t - 4. Let x be u(5). Let w(d) = -1 + d - x + 2. What is w(2)?
2
Let g(h) = 2*h**2 - 7*h + 6. Let t be g(5). Let r(a) = 7 + 8*a - 8*a + 10*a. Let y(b) = 3*b + 2. Let w(z) = t*y(z) - 6*r(z). Calculate w(-1).
-3
Let k(d) = d + 3. Let c be k(-7). Suppose 4*h - 2 + 21 = w, 0 = h + w + 11. Let z(a) = a. Let j(q) = 5*q. Let g(p) = h*z(p) + j(p). What is g(c)?
4
Let i(z) = -5*z**2 - 3. Let v(o) = -21*o**2 - 13. Let d(a) = 18*i(a) - 4*v(a). Let y(q) = -q**3 - q. Let x(t) = -d(t) + y(t). What is x(6)?
-4
Let j(r) be the second derivative of r**5/20 - r**4/4 - 2*r**3/3 + r**2/2 - 10*r. Suppose 4*m - 5 = -3*u + 23, -5*u = 2*m - 28. Calculate j(u).
1
Suppose 3*n - 4 = -n, 5*n - 9 = -2*w. Suppose -2*o - 10 = -y - 7*o, w*y - 2*o + 4 = 0. Let j(z) = -z + 2*z + 3 - 5. What is j(y)?
-2
Let g(r) = -r**3 - 5*r**2 - 6*r - 5. Let b(a) = -a**2 - 3*a + 6. Let y be b(-5). Calculate g(y).
3
Let s(v) = 5*v**2 - v - 3. Let u(x) = -x**2 + 1. Let l = 2 - 2. Suppose 3*r + 18 = -l. Let m(y) = r*u(y) - s(y). Determine m(-3).
3
Let n(d) = -d**2 - d - 1. Let k be n(-3). Let x(q) = -q**2 - 7*q + 3. Let v be x(k). Let u(o) = o**3 - 4*o**2 + 3*o - 3. Give u(v).
-3
Suppose 2*g + 4*d + 10 = 0, d - 11 = 4*g + 9. Let h(o) = -o**3 - 4*o**2 + 6*o + 1. Give h(g).
-4
Let k(p) be the second derivative of p**4/12 + 5*p**3/6 + 7*p. Let c = 0 - -5. Suppose -4*j - 4 = u + u, -5*j - 15 = c*u. Give k(u).
-4
Let n(h) = -5*h**2 - 2 - 2*h**2 + 4*h**2 - 5*h. What is n(-3)?
-14
Let y(o) = 2 + 2 - 4*o + 1 - 4. Let l = 1 + 1. Suppose l*d + 5 = 7*d. Determine y(d).
-3
Suppose -87 = 5*h + 23. Let l = -15 - h. Let k be (2/l)/((-2)/(-14)). Let v(t) = -5*t + 1. What is v(k)?
-9
Let p(d) = -d - 13. Suppose 4*z - 4*f + 44 = -0*z, -3*f = 4*z + 9. Determine p(z).
-7
Let p(y) = -y**3 + 6*y**2 + y - 4. Let a(i) = -i**3 - 2*i**2 + i. Let b be a(-3). Let q be p(b). Let t(n) = n**q + 3*n - 3*n. What is t(-1)?
1
Let h(c) be the third derivative of -1/24*c**4 + 4*c**2 + 0*c**3 + 0 + 0*c. Determine h(0).
0
Let p(z) = 1. Let b(r) = -4*r + 6. Let a(c) = b(c) + p(c). What is a(7)?
-21
Let p(h) = h**3 + 1. Let v(m) = 3*m**3 - 5*m**2 + 7. Let z(o) = -2*p(o) + v(o). Suppose 4*j - 14 = -2*d + 4*d, 0 = 4*j + d - 23. What is z(j)?
5
Suppose 1 = 2*l - 7. Suppose -l*t + 10 = t. Let s(k) = k**3 - 2*k**2 + 3*k - 1. Determine s(t).
5
Let q = 36 - 31. Let b(r) be the second derivative of r**5/20 - r**4/2 + 2*r**3/3 + r**2/2 - 2*r. Give b(q).
-4
Let y(d) = 2*d**3 + 3*d**2 - 3*d + 3. Let c(w) = 3*w**2 - 3*w + 2. Let l be c(1). Determine y(l).
25
Let v = 171 + -179. Let o(g) = g + 3. What is o(v)?
-5
Let c(x) = -x**2 - 2*x + 9. Let v be c(-6). Let b = v - -12. Let g(i) = -2*i - 3. What is g(b)?
3
Let p(v) = 2*v**3 + 8*v**2 - 8*v + 7. Let o(w) = 3*w**3 + 15*w**2 - 15*w + 14. Let n(g) = -3*o(g) + 5*p(g). What is n(5)?
18
Let v(h) = -h**2 + 3*h - 2. Suppose 0*x = -3*x. Let u = 4 + x. What is v(u)?
-6
Let w(r) = -r + 2. Let h be 6/(-4)*52/6. Let a = h - -8. Give w(a).
7
Suppose 0 = -3*c + 3*u + 4 + 14, 3*c = 2*u + 14. Suppose -b - b = c. Let d(m) = 7*m**3 - m**2 + 1. Calculate d(b).
-7
Let w(d) = -2*d + 3. Suppose 5*a - 3*v = -0*v + 90, 5*v = 0. Suppose 5*c = 32 + a. Let i = 7 - c. What is w(i)?
9
Let q(b) = b**2 + 5*b - 7. Let y be 4/(-8)*(-52)/2. Let i = 7 - y. What is q(i)?
-1
Let d be (-1)/((9/21)/(-3)). Let c(i) = 2*i**3 - 17*i**2 - 3*i + 5. Let y(x) = -3*x**3 + 25*x**2 + 4*x - 7. Let h(r) = d*c(r) + 5*y(r). Calculate h(6).
-6
Let l(z) be the first derivative of 7*z + 7/2*z**2 + 2 - 1/3*z**3. Give l(6).
13
Let h(y) = 2*y - 4. Let j(x) be the second derivative of -x**5/20 + x**4/6 + 5*x**3/6 - 3*x**2/2 - 6*x. Let l be j(3). Determine h(l).
2
Let p(x) = 5*x**2 + 2*x + 1. Let z = -17 - -15. Determine p(z).
17
Let k(j) = 2*j. Suppose -s - 2*s - 3 = -3*t, -5*t + 21 = 3*s. Suppose t*g + 2 = -13. Let c be 2*1 - g/5. Calculate k(c).
6
Let j = 105 - 103. Suppose 4*p - 4 = 2*q, 4*p - 3*q = -8*q - 10. Let z = j - p. Let b(r) = 2*r**3 - 4*r**2 + r + 2. Determine b(z).
4
Let c = 6 + -19. Let v = 59 + -41. Let f = v + c. Let z(x) = -x**3 + 6*x**2 - 4*x - 1. Give z(f).
4
Let m(u) = -u - 1. Let w(x) = 3*x + 1. Let t be 22/12 + (-5)/(-30). Let i(r) = t*m(r) + w(r). Let q(b) = -b**3 - 6*b**2 - b - 4. Let p be q(-6). Determine i(p).
1
Let z(n) be the third derivative of n**6/120 + n**5/40 + n**4/24 + n**3/2 + 3*n**2. Let c(y) be the first derivative of z(y). Determine c(-2).
7
Suppose 2*h - 15 = 5*h. Let z(w) = w**3 + 4*w**2 - 5*w + 5. What is z(h)?
5
Let n(x) be the third derivative of 0 + 1/3*x**3 + 1/24*x**4 + 1/120*x**6 + 0*x - 1/60*x**5 - 2*x**2. Give n(0).
2
Let c(p) = -p**2 - p - 1. Let j be c(-1). Let w(s) = -6*s**2 + 1. Calculate w(j).
-5
Let x be 2/10 + 54/30. Let v(s) = 4*s - 1. Determine v(x).
7
Suppose 0 = -4*z - 0 + 16. Let m(j) = -2*j**2 + 11*j - 6. Let x(o) = -o + 1. Let d(c) = m(c) + 5*x(c). Give d(z).
-9
Let u(k) = k**2 + 7*k + 2. Suppose -7*p - 25 = -6*p. Let z = 19 + p. What is u(z)?
-4
Let o(s) = 2*s + 1. Let a(p) = -14*p. Let b(w) = -a(w) - 8*o(w). Calculate b(-7).
6
Let p(f) be the first derivative of f**3/3 - f**2/2 + 4*f - 2. Calculate p(0).
4
Let f be 2/(-2) + -1 + 1. Let a = 17 + -13. Let t(q) = -a*q + 47 - 47. Determine t(f).
4
Let f(n) be the third derivative of n**5/60 - n**4/2 + 7*n**3/3 - 62*n**2. Calculate f(10).
-6
Let v(m) be the third derivative of -m**5/60 - m**4/4 + 4*m**3/3 - 4*m**2 - 4*m. Let n(l) = l**2 + 7*l. Let z be n(-6). Give v(z).
8
Let s(t) = t**2 - t + 1. Let n be s(2). Suppose 3*h - 12 = 0, j - 4*j = -2*h - 1. Suppose -11 = -l - j*i, -n*l + i + 14 = 1. Let f(y) = -y + 9. What is f(l)?
4
Suppose 18 = -2*d + 2*n, -2*d - d - 3*n = -3. Let v(u) = 2*u - u**3 + 2 - 4*u**2 - 3 + 5 + 6 - 4. What is v(d)?
-2
Let t = 18 - 6. Let u(w) = w**2 - 13*w + 17. Let m be u(t). Let d(i) = i**2 - 7*i + 4. Give d(m).
-6
Let n be ((-42)/49)/((-2)/14)*-1. Let r(g) = g**3 + 5*g**2 - 8*g - 3. What is r(n)?
9
Suppose 4 = 4*w, h - 3*w + 5*w - 5 = 0. Let j(k) = 11 + k - 12 + 3. Give j(h).
5
Suppose -i + 2 + 0 = 0. Let c(w) be the first derivative of w**3 + 3*w**2/2 - w + 2. Let o(x) = -x**2 - x. Let h(q) = -3*c(q) - 7*o(q). Determine h(i).
-9
Let b be (-2)/2*(2 + -3). Let y(g) = -8*g + 8. Let d(c) = -17*c + 17. Let n(v) = 3*d(v) - 7*y(v). Let q(h) = 10*h - 9. Let f(x) = 11*n(x) - 6*q(x). Give f(b).
-6
Let d(u) = -u**2 + 6*u - 2. Suppose 4*g + 4*i = 36, -2*g + 6 = -3*g + 2*i. What is d(g)?
6
Let g(w) = -8*w**3 + 6*w**2 + 6*w + 9. Let v(n) = 7*n**3 - 6*n**2 - 6*n - 8. Let x(s) = -6*g(s) - 7*v(s). Give x(7).
-5
Let k(w) = 0 + w - 3 - 2*w - 3. Determine k(0).
-6
Let o(y) = -y**3 - 5*y**2 + y + 4. Suppose 0 = -0*l + 5*l + 25. Determine o(l).
-1
Let z(p) be the third derivative of -p**4/12 + 2*p**2. Give z(4).
-8
Suppose 11 = -5*l - 4. Let d(x) = 2*x + 3. Give d(l).
-3
Let i(k) = 5*k**2 + k - 15. Let m(g) = -10*g**2 - 3*g + 31. Let t(y) = 7*i(y) + 3*m(y). Let j(z) = -z**2 - z + 1. Let q(f) = 6*j(f) + t(f). Determine q(-6).
6
Let l(z) be the first derivative of -z**2/2 - 7*z + 4. Let o(h) = 1. Let t(g) = -l(g) - 4*o(g). What is t(0)?
3
Let f(g) = 9*g**3 - 10*g**3 - g**2 - 3 + 0*g**3 + 4. What is f(1)?
-1
Let d(x) = x**3 - 7*x - 4 + 0 - 1 + 6*x**2. Let t be d(-7). Let p(z) = -1 - 1 - z**2 - 6*z + 1 + 0. What is p(t)?
4
Let g(l) = l**2 + 4*l - 1. Let p be ((-8)/(-10))/(-7 + 412/60). Determine 